{"id":1322,"date":"2022-02-24T05:02:56","date_gmt":"2022-02-24T03:02:56","guid":{"rendered":"http:\/\/autystka.pl\/?page_id=1322"},"modified":"2022-10-26T20:59:38","modified_gmt":"2022-10-26T18:59:38","slug":"home","status":"publish","type":"page","link":"https:\/\/autystka.pl\/","title":{"rendered":"Autystka &#8211; strona g\u0142\u00f3wna"},"content":{"rendered":"\n<div class=\"wp-block-uagb-container uagb-block-981f6342 alignfull uagb-is-root-container\"><div class=\"uagb-container-inner-blocks-wrap\">\n<p class=\"has-ffffff-background-color has-background\"><\/p>\n\n\n\n<p class=\"has-ffffff-background-color has-background\"><\/p>\n\n\n\n<p class=\"has-ffffff-background-color has-background\"><\/p>\n\n\n\n<h2 class=\"has-text-align-center has-ast-global-color-4-color has-ffffff-background-color has-text-color has-background has-medium-font-size wp-block-heading\" style=\"font-style:italic;font-weight:400\">&#8220;Things change. They always do, it&#8217;s one of the things of nature. Most people are afraid of change, but if you look at it as something you can always count on, then it can be a comfort.&#8221;<br> R J Waller<\/h2>\n<\/div><\/div>\n\n\n\n<div class=\"wp-block-columns alignwide are-vertically-aligned-center is-layout-flex wp-container-2\">\n<div class=\"wp-block-column is-vertically-aligned-center is-layout-flow\" style=\"flex-basis:100%\">\n<p><\/p>\n\n\n\n<div class=\"wp-block-uagb-advanced-heading uagb-block-33a3bd27\"><h2 class=\"uagb-heading-text\"><strong>Powitanie<\/strong> <strong>na  blogu autystka.pl<\/strong><\/h2><\/div>\n\n\n\n<p class=\"has-text-align-center\" style=\"font-size:16px\">Na dobry pocz\u0105tek kilka s\u0142\u00f3w o mnie. No mo\u017ce nie tyle o mnie, ale o tym, kim jestem i sk\u0105d wzi\u0105\u0142 si\u0119 blog o autystce. O sobie napisa\u0142am kilka s\u0142\u00f3w w zak\u0142adce <em>O mnie<\/em>. Tam mnie szukajcie. A teraz do konkret\u00f3w!<\/p>\n\n\n\n<p class=\"has-text-align-center\"><strong>Kim jestem?<\/strong><\/p>\n\n\n\n<p class=\"has-text-align-center\">To dla mnie samej trudne pytanie. Przede wszystkim jestem autystk\u0105. Jestem ni\u0105 ca\u0142e \u017cycie, ale dowiedzia\u0142am si\u0119 o tym niedawno, w tym [2022] roku. Przez wiele d\u0142ugich lat m\u0119czy\u0142am si\u0119 ze sob\u0105 okrutnie, od 8&nbsp; lat jestem w terapii, i dopiero z chwil\u0105 tej diagnozy wszystkie puzzle wskoczy\u0142y na w\u0142a\u015bciwe miejsce w mojej g\u0142owie. W ko\u0144cu zrozumia\u0142am, sk\u0105d si\u0119 bior\u0105 moje zachowania, \u201edziwactwa\u201d, (nad)wra\u017cliwo\u015b\u0107, branie wszystkiego na serio i wiele wiele innych.<\/p>\n\n\n\n<p class=\"has-text-align-center\">Mam te\u017c wcze\u015bniejsz\u0105 nieformaln\u0105 diagnoz\u0119 \u2013 ADHD, kt\u00f3ra jednak wszystkiego nie t\u0142umaczy\u0142a. Na przyk\u0142ad zawsze bardzo powa\u017cnie i serio bra\u0142am wszystko to, co rodzice m\u00f3wi\u0105. Skoro tak m\u00f3wi\u0105, to tak jest. I kropka. I wed\u0142ug tego \u017cy\u0142am. Z drugiej strony, zar\u00f3wno moja siostra jak i znajomi, opowiadali, \u017ce \u2014 no rodzice r\u00f3\u017cne rzeczy m\u00f3wi\u0105, nawet dla naszego dobra, ale nie trzeba zawsze bra\u0107 tego do siebie, traktowa\u0107 powa\u017cnie. \u017be przecie\u017c mamy prawo do swojego zdania, pogl\u0105d\u00f3w, potrzeb, itd. A u mnie to nie dzia\u0142a\u0142o. I uwa\u017ca\u0142am, \u017ce co\u015b jest ze mn\u0105 nie tak. Czu\u0142am si\u0119 \u201ezepsuta\u201d, bo oczywi\u015bcie takie traktowanie wszystkiego serio wcale mi nie s\u0142u\u017cy\u0142o, i nie s\u0142u\u017cy nadal. Tyle \u017ce teraz ju\u017c wiem, sk\u0105d to si\u0119 bierze, wiem, \u017ce to nie jest moja wina. Po prostu m\u00f3j uk\u0142ad nerwowy r\u00f3\u017cni si\u0119 od typowego. Jestem autystk\u0105 i wci\u0105\u017c przetwarzam, co to dla mnie znaczy.<\/p>\n\n\n\n<p class=\"has-text-align-center\"><strong>Sk\u0105d pomys\u0142 na bloga?<\/strong><\/p>\n\n\n\n<p class=\"has-text-align-center\">Niemal odk\u0105d pami\u0119tam czu\u0142am, \u017ce mam co\u015b do przekazania szerszemu gronu odbiorc\u00f3w, tylko nie wiedzia\u0142am co to jest. Teraz ju\u017c wiem, \u017ce moje do\u015bwiadczenia jako autystki, dziewczynki\/kobiety w spektrum autyzmu s\u0105 niewielkim, ale oby istotnym wk\u0142adem w wiedz\u0119, jak\u0105 mamy na ten temat. O tym, \u017ce objawy i funkcjonowanie kobiet w spektrum jest r\u00f3\u017cne od m\u0119skiego wzorca autyzmu m\u00f3wi si\u0119 coraz wi\u0119cej i coraz g\u0142o\u015bniej. Jednak narz\u0119dzia diagnostyczne, testy przesiewowe, opisy przypadk\u00f3w czy nawet stereotypy nadal opieraj\u0105 si\u0119 w\u0142a\u015bnie na m\u0119skim punkcie odniesienia, co powoduje, \u017ce kobiety znacznie rzadziej uzyskuj\u0105 w\u0142a\u015bciw\u0105 diagnoz\u0119 lub diagnoz\u0119 w og\u00f3le. Znacznie cz\u0119\u015bciej s\u0105 te\u017c dyskryminowane. Cz\u0119\u015bciej pos\u0105dza si\u0119 je o przesad\u0119, histeri\u0119, lenistwo, hipochondri\u0119, czy \u017ce nie staraj\u0105 si\u0119 wystarczaj\u0105co dobrze, ni\u017c o autyzm.<\/p>\n\n\n\n<p class=\"has-text-align-center\">Ja r\u00f3wnie\u017c z tym si\u0119 spotka\u0142am i nadal spotykam. A to boli. Mimo racjonalizacji wci\u0105\u017c boli. Moim zdaniem, ka\u017cdy opis przypadku kobiet w spektrum przyczynia si\u0119 do poprawy jako\u015bci \u017cycia wszystkich kobiet w spektrum, do lepszego zrozumienia i wsparcia dla kobiet w spektrum i do zwi\u0119kszenia liczby stawianych diagnoz kobietom w spektrum autyzmu. A \u017ce forma pisemna, jest moj\u0105 ulubion\u0105 form\u0105 przekazu, st\u0105d pomys\u0142 na bloga. Przez pisanie naj\u0142atwiej mi si\u0119 otworzy\u0107 przed odbiorc\u0105, naj\u0142atwiej formu\u0142owa\u0107 my\u015bli i emocje.<\/p>\n\n\n\n<p class=\"has-text-align-center\"><strong>O czym b\u0119dzie ten blog?<\/strong><\/p>\n\n\n\n<p class=\"has-text-align-center\">Chc\u0119 opowiada\u0107 o swoich do\u015bwiadczeniach \u017cyciowych jako autystki. O objawach, drodze do diagnozy, o tym, jak si\u0119 \u017cyje z autyzmem. My\u015bl\u0119, \u017ce b\u0119dzie to bardzo osobisty blog. Posty na blogu b\u0119d\u0105 ukazywa\u0142y si\u0119 raz na dwa tygodnie, przynajmniej na razie. Z jednej strony nie chc\u0119 bra\u0107 na siebie za du\u017co, a z drugiej strony nie chc\u0119 Wam sk\u0142ada\u0107 obietnic bez pokrycia. Potem zobaczymy, jak si\u0119 wszystko rozwinie. Ten blog powstaje dzi\u0119ki pomocy przyjaci\u00f3\u0142 (AR, KK), kt\u00f3rzy zgodzili si\u0119 przeprowadzi\u0107 korekty tekst\u00f3w oraz zaprojektowa\u0107 logo strony. Zdj\u0119cia prezentowane na blogu s\u0105 mojego autorstwa lub pochodz\u0105 z biblioteki WordPress.<\/p>\n\n\n\n<p class=\"has-text-align-center\">Zapraszam r\u00f3wnie\u017c na m\u00f3j profil instagramowy <em>@autystka.pl<\/em> (odsy\u0142acz do profilu w lewym g\u00f3rnym rogu strony), tam najwcze\u015bniej b\u0119d\u0105 wszelkie informacje o zmianach, o nadchodz\u0105cych postach itp. Tam te\u017c najwi\u0119cej zdj\u0119\u0107 mojego \u201eosobistego personelu\u201d.<\/p>\n\n\n\n<p class=\"has-text-align-center\">Do napisania, M<\/p>\n\n\n\n<p class=\"has-text-align-right\">.<\/p>\n\n\n\n\t\t\t<div class=\"wp-block-uagb-post-grid uagb-post-grid  uagb-post__image-position-top uagb-post__image-enabled uagb-block-6cdda6ef     uagb-post__items uagb-post__columns-3 is-grid uagb-post__columns-tablet-2 uagb-post__columns-mobile-1 uagb-post__equal-height\"\n\t\t\t\tdata-total=\"2\"\n\t\t\t\tstyle=\"\"\n\t\t\t>\n\n\t\t\t\t\t\t\t\t\t\t\t\t<article class=\"uagb-post__inner-wrap\">\t\t\t\t\t\t\t\t<h4 class=\"uagb-post__title uagb-post__text\">\n\t\t\t\t<a href=\"https:\/\/autystka.pl\/?p=2210\" target=\"_self\" rel=\"bookmark noopener noreferrer\">Wpis 9 Zwierzenia autystki<\/a>\n\t\t\t<\/h4>\n\t\t\t\t\t\t<div class='uagb-post__text uagb-post-grid-byline'>\n\t\t\t\t\t\t\t\t<time datetime=\"2023-06-18T15:48:43+02:00\" class=\"uagb-post__date\">\n\t\t\t\t<span class=\"dashicons-calendar dashicons\"><\/span>\t\t\t\t\t18\/06\/2023\t\t\t\t<\/time>\n\t\t\t\t\t\t\t<span class=\"uagb-post__comment\">\n\t\t\t\t<span class=\"dashicons-admin-comments dashicons\"><\/span>\t\t\t\t\tBrak komentarzy\t\t\t\t<\/span>\n\t\t\t\t\t\t<\/div>\n\t\t\t\t\t\t\t<div class='uagb-post__text uagb-post__excerpt'>\n\t\t\t\t\t<p>ZWIERZENIA AUTYSTKI Tym razem uda\u0142o mi si\u0119 napisa\u0107 na czas, cho\u0107 to ma\u0142e oszustwo. Bo&#8230;\t\t\t\t<\/div>\n\t\t\t\t\t\t<div class=\"uagb-post__text uagb-post__cta wp-block-button\">\n\t\t\t\t<a class=\"wp-block-button__link uagb-text-link\" href=\"https:\/\/autystka.pl\/?p=2210\" target=\"_self\" rel=\"bookmark noopener noreferrer\">Read More<\/a>\n\t\t\t<\/div>\n\t\t\t\t\t\t\t\t\t\t\t\t<\/article>\n\t\t\t\t\t\t\t\t\t\t\t\t\t\t\t\t<article class=\"uagb-post__inner-wrap\">\t\t\t\t\t\t\t\t<h4 class=\"uagb-post__title uagb-post__text\">\n\t\t\t\t<a href=\"https:\/\/autystka.pl\/?p=2199\" target=\"_self\" rel=\"bookmark noopener noreferrer\">Wpis 8 Wypalenie autystyczne<\/a>\n\t\t\t<\/h4>\n\t\t\t\t\t\t<div class='uagb-post__text uagb-post-grid-byline'>\n\t\t\t\t\t\t\t\t<time datetime=\"2023-06-04T21:19:04+02:00\" class=\"uagb-post__date\">\n\t\t\t\t<span class=\"dashicons-calendar dashicons\"><\/span>\t\t\t\t\t04\/06\/2023\t\t\t\t<\/time>\n\t\t\t\t\t\t\t<span class=\"uagb-post__comment\">\n\t\t\t\t<span class=\"dashicons-admin-comments dashicons\"><\/span>\t\t\t\t\t7 komentarzy\t\t\t\t<\/span>\n\t\t\t\t\t\t<\/div>\n\t\t\t\t\t\t\t<div class='uagb-post__text uagb-post__excerpt'>\n\t\t\t\t\t<p>Nie pisa\u0142am d\u0142ugo. Sk\u0142ada si\u0119 na to wiele czynnik\u00f3w, o czym za chwil\u0119. To b\u0119dzie&#8230;\t\t\t\t<\/div>\n\t\t\t\t\t\t<div class=\"uagb-post__text uagb-post__cta wp-block-button\">\n\t\t\t\t<a class=\"wp-block-button__link uagb-text-link\" href=\"https:\/\/autystka.pl\/?p=2199\" target=\"_self\" rel=\"bookmark noopener noreferrer\">Read More<\/a>\n\t\t\t<\/div>\n\t\t\t\t\t\t\t\t\t\t\t\t<\/article>\n\t\t\t\t\t\t\t\t\t\t\t\t\t\t\t\t<article class=\"uagb-post__inner-wrap\">\t\t\t\t\t\t\t\t<h4 class=\"uagb-post__title uagb-post__text\">\n\t\t\t\t<a href=\"https:\/\/autystka.pl\/?p=2190\" target=\"_self\" rel=\"bookmark noopener noreferrer\">Wpis 7 Molica ksi\u0105\u017ckowa<\/a>\n\t\t\t<\/h4>\n\t\t\t\t\t\t<div class='uagb-post__text uagb-post-grid-byline'>\n\t\t\t\t\t\t\t\t<time datetime=\"2023-01-10T21:14:38+02:00\" class=\"uagb-post__date\">\n\t\t\t\t<span class=\"dashicons-calendar dashicons\"><\/span>\t\t\t\t\t10\/01\/2023\t\t\t\t<\/time>\n\t\t\t\t\t\t\t<span class=\"uagb-post__comment\">\n\t\t\t\t<span class=\"dashicons-admin-comments dashicons\"><\/span>\t\t\t\t\tBrak komentarzy\t\t\t\t<\/span>\n\t\t\t\t\t\t<\/div>\n\t\t\t\t\t\t\t<div class='uagb-post__text uagb-post__excerpt'>\n\t\t\t\t\t<p>Molica ksi\u0105\u017ckowa Rudy Simone w swojej charakterystyce autystek wymieni\u0142a 3 podpunkty dotycz\u0105ce ksi\u0105\u017cek (cz\u0119sto sama&#8230;\t\t\t\t<\/div>\n\t\t\t\t\t\t<div class=\"uagb-post__text uagb-post__cta wp-block-button\">\n\t\t\t\t<a class=\"wp-block-button__link uagb-text-link\" href=\"https:\/\/autystka.pl\/?p=2190\" target=\"_self\" rel=\"bookmark noopener noreferrer\">Read More<\/a>\n\t\t\t<\/div>\n\t\t\t\t\t\t\t\t\t\t\t\t<\/article>\n\t\t\t\t\t\t\t\t\t\t\t\t\t\t\t\t<article class=\"uagb-post__inner-wrap\">\t\t\t\t\t\t\t\t<h4 class=\"uagb-post__title uagb-post__text\">\n\t\t\t\t<a href=\"https:\/\/autystka.pl\/?p=2177\" target=\"_self\" rel=\"bookmark noopener noreferrer\">Wpis 6 Lista autystycznych objaw\u00f3w Samanthy Craft<\/a>\n\t\t\t<\/h4>\n\t\t\t\t\t\t<div class='uagb-post__text uagb-post-grid-byline'>\n\t\t\t\t\t\t\t\t<time datetime=\"2022-12-25T20:32:47+02:00\" class=\"uagb-post__date\">\n\t\t\t\t<span class=\"dashicons-calendar dashicons\"><\/span>\t\t\t\t\t25\/12\/2022\t\t\t\t<\/time>\n\t\t\t\t\t\t\t<span class=\"uagb-post__comment\">\n\t\t\t\t<span class=\"dashicons-admin-comments dashicons\"><\/span>\t\t\t\t\t2 komentarze\t\t\t\t<\/span>\n\t\t\t\t\t\t<\/div>\n\t\t\t\t\t\t\t<div class='uagb-post__text uagb-post__excerpt'>\n\t\t\t\t\t<p>Lista autystycznych cech Samanthy Craft (aka Marcelle Ciampi) O Autorce Przyszed\u0142 czas na prezentacj\u0119 nieoficjalnej&#8230;\t\t\t\t<\/div>\n\t\t\t\t\t\t<div class=\"uagb-post__text uagb-post__cta wp-block-button\">\n\t\t\t\t<a class=\"wp-block-button__link uagb-text-link\" href=\"https:\/\/autystka.pl\/?p=2177\" target=\"_self\" rel=\"bookmark noopener noreferrer\">Read More<\/a>\n\t\t\t<\/div>\n\t\t\t\t\t\t\t\t\t\t\t\t<\/article>\n\t\t\t\t\t\t\t\t\t\t\t\t\t\t\t\t<article class=\"uagb-post__inner-wrap\">\t\t\t\t\t\t\t\t<h4 class=\"uagb-post__title uagb-post__text\">\n\t\t\t\t<a href=\"https:\/\/autystka.pl\/?p=2164\" target=\"_self\" rel=\"bookmark noopener noreferrer\">Wpis 5 Cechy \u017ce\u0144skiego autyzmu<\/a>\n\t\t\t<\/h4>\n\t\t\t\t\t\t<div class='uagb-post__text uagb-post-grid-byline'>\n\t\t\t\t\t\t\t\t<time datetime=\"2022-12-11T16:24:40+02:00\" class=\"uagb-post__date\">\n\t\t\t\t<span class=\"dashicons-calendar dashicons\"><\/span>\t\t\t\t\t11\/12\/2022\t\t\t\t<\/time>\n\t\t\t\t\t\t\t<span class=\"uagb-post__comment\">\n\t\t\t\t<span class=\"dashicons-admin-comments dashicons\"><\/span>\t\t\t\t\tBrak komentarzy\t\t\t\t<\/span>\n\t\t\t\t\t\t<\/div>\n\t\t\t\t\t\t\t<div class='uagb-post__text uagb-post__excerpt'>\n\t\t\t\t\t<p>Cechy \u017ce\u0144skiego autyzmu Dzisiaj prezentuj\u0119 Wam cechy \u017ce\u0144skiego autyzmu. Oczywi\u015bcie, cechy te wyst\u0119puj\u0105 zar\u00f3wno u&#8230;\t\t\t\t<\/div>\n\t\t\t\t\t\t<div class=\"uagb-post__text uagb-post__cta wp-block-button\">\n\t\t\t\t<a class=\"wp-block-button__link uagb-text-link\" href=\"https:\/\/autystka.pl\/?p=2164\" target=\"_self\" rel=\"bookmark noopener noreferrer\">Read More<\/a>\n\t\t\t<\/div>\n\t\t\t\t\t\t\t\t\t\t\t\t<\/article>\n\t\t\t\t\t\t\t\t\t\t\t\t\t\t\t\t<article class=\"uagb-post__inner-wrap\">\t\t\t\t\t\t\t\t<h4 class=\"uagb-post__title uagb-post__text\">\n\t\t\t\t<a href=\"https:\/\/autystka.pl\/?p=2154\" target=\"_self\" rel=\"bookmark noopener noreferrer\">Wpis 4 R\u00f3\u017cnice mi\u0119dzy \u017ce\u0144skim a m\u0119skim autyzmem<\/a>\n\t\t\t<\/h4>\n\t\t\t\t\t\t<div class='uagb-post__text uagb-post-grid-byline'>\n\t\t\t\t\t\t\t\t<time datetime=\"2022-11-28T13:59:04+02:00\" class=\"uagb-post__date\">\n\t\t\t\t<span class=\"dashicons-calendar dashicons\"><\/span>\t\t\t\t\t28\/11\/2022\t\t\t\t<\/time>\n\t\t\t\t\t\t\t<span class=\"uagb-post__comment\">\n\t\t\t\t<span class=\"dashicons-admin-comments dashicons\"><\/span>\t\t\t\t\tBrak komentarzy\t\t\t\t<\/span>\n\t\t\t\t\t\t<\/div>\n\t\t\t\t\t\t\t<div class='uagb-post__text uagb-post__excerpt'>\n\t\t\t\t\t<p>Na pocz\u0105tek W tym wpisie skupiam si\u0119 na r\u00f3\u017cnicach w charakterystyce objaw\u00f3w mi\u0119dzy m\u0119skim a&#8230;\t\t\t\t<\/div>\n\t\t\t\t\t\t<div class=\"uagb-post__text uagb-post__cta wp-block-button\">\n\t\t\t\t<a class=\"wp-block-button__link uagb-text-link\" href=\"https:\/\/autystka.pl\/?p=2154\" target=\"_self\" rel=\"bookmark noopener noreferrer\">Read More<\/a>\n\t\t\t<\/div>\n\t\t\t\t\t\t\t\t\t\t\t\t<\/article>\n\t\t\t\t\t\t\t\t\t\t\t<\/div>\n\t\t\t<\/div>\n<\/div>\n\n\n\n<div class=\"wp-block-columns are-vertically-aligned-center is-layout-flex wp-container-8\">\n<div class=\"wp-block-column is-vertically-aligned-center is-layout-flow\" style=\"flex-basis:100%\">\n<div class=\"wp-block-columns is-layout-flex wp-container-6\">\n<div class=\"wp-block-column is-layout-flow\">\n<div class=\"wp-block-uagb-image uagb-block-bf7d007e wp-block-uagb-image--layout-default wp-block-uagb-image--effect-static wp-block-uagb-image--align-center\"><figure class=\"wp-block-uagb-image__figure\"><img decoding=\"async\" loading=\"lazy\" srcset=\"https:\/\/autystka.pl\/wp-content\/uploads\/2022\/09\/20210423_130959-2-edited.jpg \" src=\"https:\/\/autystka.pl\/wp-content\/uploads\/2022\/09\/20210423_130959-2-edited.jpg\" alt=\"\" class=\"uag-image-1889\" width=\"211\" height=\"280\" title=\"\"\/><\/figure><\/div>\n<\/div>\n\n\n\n<div class=\"wp-block-column is-layout-flow\">\n<div class=\"wp-block-uagb-image uagb-block-dda2851f wp-block-uagb-image--layout-default wp-block-uagb-image--effect-static wp-block-uagb-image--align-center\"><figure class=\"wp-block-uagb-image__figure\"><img decoding=\"async\" loading=\"lazy\" srcset=\"https:\/\/autystka.pl\/wp-content\/uploads\/2022\/09\/20211029_162335-3-768x1024.jpg \" src=\"https:\/\/autystka.pl\/wp-content\/uploads\/2022\/09\/20211029_162335-3-768x1024.jpg\" alt=\"\" class=\"uag-image-1887\" width=\"211\" height=\"273\" title=\"\"\/><\/figure><\/div>\n<\/div>\n\n\n\n<div class=\"wp-block-column is-layout-flow\">\n<div class=\"wp-block-uagb-image uagb-block-0fd45c7c wp-block-uagb-image--layout-default wp-block-uagb-image--effect-static wp-block-uagb-image--align-center\"><figure class=\"wp-block-uagb-image__figure\"><img decoding=\"async\" loading=\"lazy\" srcset=\"https:\/\/autystka.pl\/wp-content\/uploads\/2022\/09\/20220324_1729111-2-829x1024.jpg \" src=\"https:\/\/autystka.pl\/wp-content\/uploads\/2022\/09\/20220324_1729111-2-829x1024.jpg\" alt=\"\" class=\"uag-image-1888\" width=\"228\" height=\"281\" title=\"\"\/><\/figure><\/div>\n<\/div>\n<\/div>\n<\/div>\n<\/div>\n","protected":false},"excerpt":{"rendered":"<p>Na dobry pocz\u0105tek kilka s\u0142\u00f3w o mnie. No mo\u017ce nie tyle o mnie, ale o tym, kim jestem i sk\u0105d wzi\u0105\u0142 si\u0119 blog o autystce. O sobie napisa\u0142am kilka s\u0142\u00f3w w zak\u0142adce O mnie. Tam mnie szukajcie. A teraz do konkret\u00f3w! Kim jestem? To dla mnie samej trudne pytanie. Przede wszystkim jestem autystk\u0105. Jestem ni\u0105 &hellip;<\/p>\n<p class=\"read-more\"> <a class=\"\" href=\"https:\/\/autystka.pl\/\"> <span class=\"screen-reader-text\">Autystka &#8211; strona g\u0142\u00f3wna<\/span> Read More &raquo;<\/a><\/p>\n","protected":false},"author":1,"featured_media":0,"parent":0,"menu_order":0,"comment_status":"open","ping_status":"closed","template":"","meta":{"om_disable_all_campaigns":false,"_uag_custom_page_level_css":"","_mi_skip_tracking":false,"site-sidebar-layout":"no-sidebar","site-content-layout":"page-builder","ast-global-header-display":"","ast-main-header-display":"","ast-hfb-above-header-display":"","ast-hfb-below-header-display":"","ast-hfb-mobile-header-display":"","site-post-title":"disabled","ast-breadcrumbs-content":"","ast-featured-img":"disabled","footer-sml-layout":"","theme-transparent-header-meta":"enabled","adv-header-id-meta":"","stick-header-meta":"","header-above-stick-meta":"","header-main-stick-meta":"","header-below-stick-meta":""},"yoast_head":"<!-- This site is optimized with the Yoast SEO plugin v19.13 - https:\/\/yoast.com\/wordpress\/plugins\/seo\/ -->\n<title>Autystka - strona g\u0142\u00f3wna - autystka.pl<\/title>\n<meta name=\"description\" content=\"Autystka.pl - strona g\u0142\u00f3wna Jest to blog dokumentuj\u0105cy moje prze\u017cycia i do\u015bwiadczenia jako kobiety w spektrum autyzmu\" \/>\n<meta name=\"robots\" content=\"index, follow, max-snippet:-1, max-image-preview:large, max-video-preview:-1\" \/>\n<link rel=\"canonical\" href=\"https:\/\/autystka.pl\/\" \/>\n<meta property=\"og:locale\" content=\"pl_PL\" \/>\n<meta property=\"og:type\" content=\"article\" \/>\n<meta property=\"og:title\" content=\"Autystka - strona g\u0142\u00f3wna - autystka.pl\" \/>\n<meta property=\"og:description\" content=\"Autystka.pl - strona g\u0142\u00f3wna Jest to blog dokumentuj\u0105cy moje prze\u017cycia i do\u015bwiadczenia jako kobiety w spektrum autyzmu\" \/>\n<meta property=\"og:url\" content=\"https:\/\/autystka.pl\/\" \/>\n<meta property=\"og:site_name\" content=\"autystka.pl\" \/>\n<meta property=\"article:modified_time\" content=\"2022-10-26T18:59:38+00:00\" \/>\n<meta property=\"og:image\" content=\"https:\/\/autystka.pl\/wp-content\/uploads\/2022\/09\/20210423_130959-2-edited.jpg\" \/>\n<meta name=\"twitter:card\" content=\"summary_large_image\" \/>\n<meta name=\"twitter:label1\" content=\"Szacowany czas czytania\" \/>\n\t<meta name=\"twitter:data1\" content=\"5 minut\" \/>\n<script type=\"application\/ld+json\" class=\"yoast-schema-graph\">{\"@context\":\"https:\/\/schema.org\",\"@graph\":[{\"@type\":\"WebPage\",\"@id\":\"https:\/\/autystka.pl\/\",\"url\":\"https:\/\/autystka.pl\/\",\"name\":\"Autystka - strona g\u0142\u00f3wna - autystka.pl\",\"isPartOf\":{\"@id\":\"https:\/\/autystka.pl\/#website\"},\"datePublished\":\"2022-02-24T03:02:56+00:00\",\"dateModified\":\"2022-10-26T18:59:38+00:00\",\"description\":\"Autystka.pl - strona g\u0142\u00f3wna Jest to blog dokumentuj\u0105cy moje prze\u017cycia i do\u015bwiadczenia jako kobiety w spektrum autyzmu\",\"breadcrumb\":{\"@id\":\"https:\/\/autystka.pl\/#breadcrumb\"},\"inLanguage\":\"pl-PL\",\"potentialAction\":[{\"@type\":\"ReadAction\",\"target\":[\"https:\/\/autystka.pl\/\"]}]},{\"@type\":\"BreadcrumbList\",\"@id\":\"https:\/\/autystka.pl\/#breadcrumb\",\"itemListElement\":[{\"@type\":\"ListItem\",\"position\":1,\"name\":\"Home\",\"item\":\"https:\/\/autystka.pl\/\"},{\"@type\":\"ListItem\",\"position\":2,\"name\":\"Autystka &#8211; strona g\u0142\u00f3wna\"}]},{\"@type\":\"WebSite\",\"@id\":\"https:\/\/autystka.pl\/#website\",\"url\":\"https:\/\/autystka.pl\/\",\"name\":\"autystka.pl\",\"description\":\"Autystka w szopnach \u017cycia - blog\",\"publisher\":{\"@id\":\"https:\/\/autystka.pl\/#organization\"},\"potentialAction\":[{\"@type\":\"SearchAction\",\"target\":{\"@type\":\"EntryPoint\",\"urlTemplate\":\"https:\/\/autystka.pl\/?s={search_term_string}\"},\"query-input\":\"required name=search_term_string\"}],\"inLanguage\":\"pl-PL\"},{\"@type\":\"Organization\",\"@id\":\"https:\/\/autystka.pl\/#organization\",\"name\":\"autystka.pl\",\"url\":\"https:\/\/autystka.pl\/\",\"logo\":{\"@type\":\"ImageObject\",\"inLanguage\":\"pl-PL\",\"@id\":\"https:\/\/autystka.pl\/#\/schema\/logo\/image\/\",\"url\":\"https:\/\/autystka.pl\/wp-content\/uploads\/2022\/10\/cropped-l4-kopia.png\",\"contentUrl\":\"https:\/\/autystka.pl\/wp-content\/uploads\/2022\/10\/cropped-l4-kopia.png\",\"width\":1362,\"height\":1194,\"caption\":\"autystka.pl\"},\"image\":{\"@id\":\"https:\/\/autystka.pl\/#\/schema\/logo\/image\/\"}}]}<\/script>\n<!-- \/ Yoast SEO plugin. -->","yoast_head_json":{"title":"Autystka - strona g\u0142\u00f3wna - autystka.pl","description":"Autystka.pl - strona g\u0142\u00f3wna Jest to blog dokumentuj\u0105cy moje prze\u017cycia i do\u015bwiadczenia jako kobiety w spektrum autyzmu","robots":{"index":"index","follow":"follow","max-snippet":"max-snippet:-1","max-image-preview":"max-image-preview:large","max-video-preview":"max-video-preview:-1"},"canonical":"https:\/\/autystka.pl\/","og_locale":"pl_PL","og_type":"article","og_title":"Autystka - strona g\u0142\u00f3wna - autystka.pl","og_description":"Autystka.pl - strona g\u0142\u00f3wna Jest to blog dokumentuj\u0105cy moje prze\u017cycia i do\u015bwiadczenia jako kobiety w spektrum autyzmu","og_url":"https:\/\/autystka.pl\/","og_site_name":"autystka.pl","article_modified_time":"2022-10-26T18:59:38+00:00","og_image":[{"url":"https:\/\/autystka.pl\/wp-content\/uploads\/2022\/09\/20210423_130959-2-edited.jpg"}],"twitter_card":"summary_large_image","twitter_misc":{"Szacowany czas czytania":"5 minut"},"schema":{"@context":"https:\/\/schema.org","@graph":[{"@type":"WebPage","@id":"https:\/\/autystka.pl\/","url":"https:\/\/autystka.pl\/","name":"Autystka - strona g\u0142\u00f3wna - autystka.pl","isPartOf":{"@id":"https:\/\/autystka.pl\/#website"},"datePublished":"2022-02-24T03:02:56+00:00","dateModified":"2022-10-26T18:59:38+00:00","description":"Autystka.pl - strona g\u0142\u00f3wna Jest to blog dokumentuj\u0105cy moje prze\u017cycia i do\u015bwiadczenia jako kobiety w spektrum autyzmu","breadcrumb":{"@id":"https:\/\/autystka.pl\/#breadcrumb"},"inLanguage":"pl-PL","potentialAction":[{"@type":"ReadAction","target":["https:\/\/autystka.pl\/"]}]},{"@type":"BreadcrumbList","@id":"https:\/\/autystka.pl\/#breadcrumb","itemListElement":[{"@type":"ListItem","position":1,"name":"Home","item":"https:\/\/autystka.pl\/"},{"@type":"ListItem","position":2,"name":"Autystka &#8211; strona g\u0142\u00f3wna"}]},{"@type":"WebSite","@id":"https:\/\/autystka.pl\/#website","url":"https:\/\/autystka.pl\/","name":"autystka.pl","description":"Autystka w szopnach \u017cycia - blog","publisher":{"@id":"https:\/\/autystka.pl\/#organization"},"potentialAction":[{"@type":"SearchAction","target":{"@type":"EntryPoint","urlTemplate":"https:\/\/autystka.pl\/?s={search_term_string}"},"query-input":"required name=search_term_string"}],"inLanguage":"pl-PL"},{"@type":"Organization","@id":"https:\/\/autystka.pl\/#organization","name":"autystka.pl","url":"https:\/\/autystka.pl\/","logo":{"@type":"ImageObject","inLanguage":"pl-PL","@id":"https:\/\/autystka.pl\/#\/schema\/logo\/image\/","url":"https:\/\/autystka.pl\/wp-content\/uploads\/2022\/10\/cropped-l4-kopia.png","contentUrl":"https:\/\/autystka.pl\/wp-content\/uploads\/2022\/10\/cropped-l4-kopia.png","width":1362,"height":1194,"caption":"autystka.pl"},"image":{"@id":"https:\/\/autystka.pl\/#\/schema\/logo\/image\/"}}]}},"uagb_featured_image_src":{"full":false,"thumbnail":false,"medium":false,"medium_large":false,"large":false,"1536x1536":false,"2048x2048":false},"uagb_author_info":{"display_name":"mariapres2101@gmail.com","author_link":"https:\/\/autystka.pl\/?author=1"},"uagb_comment_info":5841,"uagb_excerpt":"Na dobry pocz\u0105tek kilka s\u0142\u00f3w o mnie. No mo\u017ce nie tyle o mnie, ale o tym, kim jestem i sk\u0105d wzi\u0105\u0142 si\u0119 blog o autystce. O sobie napisa\u0142am kilka s\u0142\u00f3w w zak\u0142adce O mnie. Tam mnie szukajcie. A teraz do konkret\u00f3w! Kim jestem? To dla mnie samej trudne pytanie. Przede wszystkim jestem autystk\u0105. Jestem ni\u0105&hellip;","_links":{"self":[{"href":"https:\/\/autystka.pl\/index.php?rest_route=\/wp\/v2\/pages\/1322"}],"collection":[{"href":"https:\/\/autystka.pl\/index.php?rest_route=\/wp\/v2\/pages"}],"about":[{"href":"https:\/\/autystka.pl\/index.php?rest_route=\/wp\/v2\/types\/page"}],"author":[{"embeddable":true,"href":"https:\/\/autystka.pl\/index.php?rest_route=\/wp\/v2\/users\/1"}],"replies":[{"embeddable":true,"href":"https:\/\/autystka.pl\/index.php?rest_route=%2Fwp%2Fv2%2Fcomments&post=1322"}],"version-history":[{"count":51,"href":"https:\/\/autystka.pl\/index.php?rest_route=\/wp\/v2\/pages\/1322\/revisions"}],"predecessor-version":[{"id":2114,"href":"https:\/\/autystka.pl\/index.php?rest_route=\/wp\/v2\/pages\/1322\/revisions\/2114"}],"wp:attachment":[{"href":"https:\/\/autystka.pl\/index.php?rest_route=%2Fwp%2Fv2%2Fmedia&parent=1322"}],"curies":[{"name":"wp","href":"https:\/\/api.w.org\/{rel}","templated":true}]}}