{"id":1324,"date":"2022-02-24T05:03:32","date_gmt":"2022-02-24T05:03:32","guid":{"rendered":"http:\/\/autystka.pl\/?page_id=1324"},"modified":"2022-10-26T21:04:49","modified_gmt":"2022-10-26T19:04:49","slug":"about","status":"publish","type":"page","link":"https:\/\/autystka.pl\/?page_id=1324","title":{"rendered":"O mnie"},"content":{"rendered":"\n<div class=\"wp-block-uagb-container uagb-block-87577b89 alignfull uagb-is-root-container\"><div class=\"uagb-container-inner-blocks-wrap\">\n<p class=\"has-ffffff-background-color has-background\"><\/p>\n\n\n\n<p class=\"has-ffffff-background-color has-background\"><\/p>\n\n\n\n<h2 class=\"has-text-align-center has-ast-global-color-4-color has-ffffff-background-color has-text-color has-background has-large-font-size wp-block-heading\"><strong>O mnie<\/strong><\/h2>\n<\/div><\/div>\n\n\n\n<div class=\"wp-block-uagb-container uagb-block-da5ae9de alignfull uagb-is-root-container\"><div class=\"uagb-container-inner-blocks-wrap\">\n<div class=\"wp-block-columns are-vertically-aligned-center is-layout-flex wp-container-2\">\n<div class=\"wp-block-column is-vertically-aligned-center is-layout-flow\" style=\"flex-basis:100%\">\n<div class=\"wp-block-uagb-advanced-heading uagb-block-83db2882\"><h2 class=\"uagb-heading-text\"><strong>Poznajcie mnie bli\u017cej<\/strong><\/h2><\/div>\n\n\n\n<p class=\"has-text-align-center\">Jestem doktork\u0105 biotechnologii, pracuj\u0119 na jednej z wroc\u0142awskich uczelni jako naukowczyni i nauczycielka akademicka. Jestem te\u017c opiekunk\u0105 szalonego psiaka, foksteriera szorstkow\u0142osego o imieniu Maks. Mawiam, \u017ce tyle\u017c go kocham, co mnie czasem denerwuje. Planuj\u0119 ozdabia\u0107 tego bloga jego fotami.<\/p>\n\n\n\n<p class=\"has-text-align-center\">Mam te\u017c wiele r\u00f3\u017cnych zainteresowa\u0144, opanowuj\u0119 je jedno po drugim, zg\u0142\u0119biam, i porzucam dla nast\u0119pnego. Dochodz\u0119 do momentu, kiedy uznaj\u0119, \u017ce ju\u017c si\u0119 czego\u015b naumia\u0142am wystarczaj\u0105co i wtedy rozgl\u0105dam si\u0119 za nowym hobby. W zwi\u0105zku z czym, umiem robi\u0107 myd\u0142a we wzorki, kolorowe, pachn\u0105ce, rze\u017abione, naturalne, do wyboru do koloru. Podobnie jest z robieniem \u015bwiec, cho\u0107 tu mam jeszcze par\u0119 rzeczy do opanowania (jak np. odlewanie \u015bwiec w formach). Produkuj\u0119 nalewki, g\u0142\u00f3wnie owocowe. Opracowa\u0142am przepis na nalewk\u0119 z owoc\u00f3w a\u0142yczy (tzw. mirabelek). Ma s\u0142odko-kwaskowaty posmak i jest hitem ka\u017cdej imprezy. Swego czasu, na jednej z pracowych imprez okoliczno\u015bciowych, p\u00f3\u0142toralitrowy balonik tej nalewki \u201eznikn\u0105\u0142\u201d w nieca\u0142e 2 godziny.<\/p>\n\n\n\n<p class=\"has-text-align-center\">Moj\u0105 wielk\u0105 pasj\u0105 od kilku lat jest ogrodnictwo. W dzieci\u0144stwie bardzo nie lubi\u0142am grzebania w ziemi, ale odk\u0105d przej\u0119\u0142am po siostrze dzia\u0142k\u0119 ROD, okaza\u0142o si\u0119, \u017ce d\u0142ubanie w ziemi jest ca\u0142kiem przyjemne i relaksuj\u0105ce, o ile robi si\u0119 to na swoim, po swojemu i dla siebie. Wi\u0119c mam dla siebie maliniak sk\u0142adaj\u0105cy si\u0119 z ok 50 krzak\u00f3w r\u00f3\u017cnych malin (zgadnijcie, jaki jest m\u00f3j ulubiony owoc? \ud83d\ude09 ): \u017c\u00f3\u0142tych, czerwonych, czarnych, owocuj\u0105cych na p\u0119dach jednorocznych i dwurocznych. Mam te\u017c sporo drzewek owocowych, g\u0142\u00f3wnie jab\u0142oni, mam egzotyczne szparagi i karczochy, i mam warzywnik, i arbuzy, i kwiaty: r\u00f3\u017ce i hortensje, i du\u017co wi\u0119cej. Przy okazji nauczy\u0142am si\u0119 szczepienia drzewek owocowych.<\/p>\n\n\n\n<p class=\"has-text-align-center\">Moj\u0105 mi\u0142o\u015bci\u0105 jest te\u017c polskie morze, szczeg\u00f3lnie Mierzeja Wi\u015blana. Najch\u0119tniej przebywam tam w okresie jesienno-zimowo-wiosennym, kiedy ludzi jest najmniej, a Ba\u0142tyk jest najpi\u0119kniejszy. Wtedy te\u017c jest najwi\u0119ksza szansa na znalezienie bursztynu, kt\u00f3ry uwielbiam zbiera\u0107.<\/p>\n\n\n\n<p class=\"has-text-align-center\">I tak mog\u0142abym jeszcze wymienia\u0107, ale my\u015bl\u0119, \u017ce par\u0119 ciekawostek ju\u017c o mnie wiecie. Reszta przy okazji.<\/p>\n\n\n\n<hr class=\"wp-block-separator has-alpha-channel-opacity\"\/>\n\n\n\n<p class=\"has-text-align-right\">M<\/p>\n<\/div>\n<\/div>\n\n\n\n<div class=\"wp-block-uagb-image uagb-block-374f19a6 wp-block-uagb-image--layout-default wp-block-uagb-image--effect-static wp-block-uagb-image--align-center\"><figure class=\"wp-block-uagb-image__figure\"><img decoding=\"async\" loading=\"lazy\" srcset=\"https:\/\/autystka.pl\/wp-content\/uploads\/2022\/09\/20220729_152714-1-1024x768.jpg , http:\/\/autystka.pl\/wp-content\/uploads\/2021\/11\/contact-hero.jpg 360w\" src=\"https:\/\/autystka.pl\/wp-content\/uploads\/2022\/09\/20220729_152714-1-1024x768.jpg\" alt=\"Maks nad Ba\u0142tykiem\" class=\"uag-image-1837\" width=\"424\" height=\"317\" title=\"\"\/><\/figure><\/div>\n<\/div><\/div>\n\n\n\n<p><\/p>\n","protected":false},"excerpt":{"rendered":"","protected":false},"author":1,"featured_media":0,"parent":0,"menu_order":0,"comment_status":"closed","ping_status":"closed","template":"","meta":{"om_disable_all_campaigns":false,"_uag_custom_page_level_css":"","_mi_skip_tracking":false,"site-sidebar-layout":"no-sidebar","site-content-layout":"page-builder","ast-global-header-display":"","ast-main-header-display":"","ast-hfb-above-header-display":"","ast-hfb-below-header-display":"","ast-hfb-mobile-header-display":"","site-post-title":"disabled","ast-breadcrumbs-content":"","ast-featured-img":"disabled","footer-sml-layout":"","theme-transparent-header-meta":"enabled","adv-header-id-meta":"","stick-header-meta":"","header-above-stick-meta":"","header-main-stick-meta":"","header-below-stick-meta":""},"yoast_head":"<!-- This site is optimized with the Yoast SEO plugin v19.13 - https:\/\/yoast.com\/wordpress\/plugins\/seo\/ -->\n<title>O mnie - autystka.pl<\/title>\n<meta name=\"description\" content=\"O mnie: jestem doktork\u0105 biotechnologii, pracuj\u0119 na jednej z wroc\u0142awskich uczelni, jako naukowczyni i nauczycielka akademicka.\" \/>\n<meta name=\"robots\" content=\"index, follow, max-snippet:-1, max-image-preview:large, max-video-preview:-1\" \/>\n<link rel=\"canonical\" href=\"https:\/\/autystka.pl\/?page_id=1324\" \/>\n<meta property=\"og:locale\" content=\"pl_PL\" \/>\n<meta property=\"og:type\" content=\"article\" \/>\n<meta property=\"og:title\" content=\"O mnie - autystka.pl\" \/>\n<meta property=\"og:description\" content=\"O mnie: jestem doktork\u0105 biotechnologii, pracuj\u0119 na jednej z wroc\u0142awskich uczelni, jako naukowczyni i nauczycielka akademicka.\" \/>\n<meta property=\"og:url\" content=\"https:\/\/autystka.pl\/?page_id=1324\" \/>\n<meta property=\"og:site_name\" content=\"autystka.pl\" \/>\n<meta property=\"article:modified_time\" content=\"2022-10-26T19:04:49+00:00\" \/>\n<meta property=\"og:image\" content=\"https:\/\/autystka.pl\/wp-content\/uploads\/2022\/09\/20220729_152714-1-1024x768.jpg\" \/>\n<meta name=\"twitter:card\" content=\"summary_large_image\" \/>\n<meta name=\"twitter:label1\" content=\"Szacowany czas czytania\" \/>\n\t<meta name=\"twitter:data1\" content=\"3 minuty\" \/>\n<script type=\"application\/ld+json\" class=\"yoast-schema-graph\">{\"@context\":\"https:\/\/schema.org\",\"@graph\":[{\"@type\":\"WebPage\",\"@id\":\"https:\/\/autystka.pl\/?page_id=1324\",\"url\":\"https:\/\/autystka.pl\/?page_id=1324\",\"name\":\"O mnie - autystka.pl\",\"isPartOf\":{\"@id\":\"https:\/\/autystka.pl\/#website\"},\"datePublished\":\"2022-02-24T05:03:32+00:00\",\"dateModified\":\"2022-10-26T19:04:49+00:00\",\"description\":\"O mnie: jestem doktork\u0105 biotechnologii, pracuj\u0119 na jednej z wroc\u0142awskich uczelni, jako naukowczyni i nauczycielka akademicka.\",\"breadcrumb\":{\"@id\":\"https:\/\/autystka.pl\/?page_id=1324#breadcrumb\"},\"inLanguage\":\"pl-PL\",\"potentialAction\":[{\"@type\":\"ReadAction\",\"target\":[\"https:\/\/autystka.pl\/?page_id=1324\"]}]},{\"@type\":\"BreadcrumbList\",\"@id\":\"https:\/\/autystka.pl\/?page_id=1324#breadcrumb\",\"itemListElement\":[{\"@type\":\"ListItem\",\"position\":1,\"name\":\"Home\",\"item\":\"https:\/\/autystka.pl\/\"},{\"@type\":\"ListItem\",\"position\":2,\"name\":\"O mnie\"}]},{\"@type\":\"WebSite\",\"@id\":\"https:\/\/autystka.pl\/#website\",\"url\":\"https:\/\/autystka.pl\/\",\"name\":\"autystka.pl\",\"description\":\"Autystka w szopnach \u017cycia - blog\",\"publisher\":{\"@id\":\"https:\/\/autystka.pl\/#organization\"},\"potentialAction\":[{\"@type\":\"SearchAction\",\"target\":{\"@type\":\"EntryPoint\",\"urlTemplate\":\"https:\/\/autystka.pl\/?s={search_term_string}\"},\"query-input\":\"required name=search_term_string\"}],\"inLanguage\":\"pl-PL\"},{\"@type\":\"Organization\",\"@id\":\"https:\/\/autystka.pl\/#organization\",\"name\":\"autystka.pl\",\"url\":\"https:\/\/autystka.pl\/\",\"logo\":{\"@type\":\"ImageObject\",\"inLanguage\":\"pl-PL\",\"@id\":\"https:\/\/autystka.pl\/#\/schema\/logo\/image\/\",\"url\":\"https:\/\/autystka.pl\/wp-content\/uploads\/2022\/10\/cropped-l4-kopia.png\",\"contentUrl\":\"https:\/\/autystka.pl\/wp-content\/uploads\/2022\/10\/cropped-l4-kopia.png\",\"width\":1362,\"height\":1194,\"caption\":\"autystka.pl\"},\"image\":{\"@id\":\"https:\/\/autystka.pl\/#\/schema\/logo\/image\/\"}}]}<\/script>\n<!-- \/ Yoast SEO plugin. -->","yoast_head_json":{"title":"O mnie - autystka.pl","description":"O mnie: jestem doktork\u0105 biotechnologii, pracuj\u0119 na jednej z wroc\u0142awskich uczelni, jako naukowczyni i nauczycielka akademicka.","robots":{"index":"index","follow":"follow","max-snippet":"max-snippet:-1","max-image-preview":"max-image-preview:large","max-video-preview":"max-video-preview:-1"},"canonical":"https:\/\/autystka.pl\/?page_id=1324","og_locale":"pl_PL","og_type":"article","og_title":"O mnie - autystka.pl","og_description":"O mnie: jestem doktork\u0105 biotechnologii, pracuj\u0119 na jednej z wroc\u0142awskich uczelni, jako naukowczyni i nauczycielka akademicka.","og_url":"https:\/\/autystka.pl\/?page_id=1324","og_site_name":"autystka.pl","article_modified_time":"2022-10-26T19:04:49+00:00","og_image":[{"url":"https:\/\/autystka.pl\/wp-content\/uploads\/2022\/09\/20220729_152714-1-1024x768.jpg"}],"twitter_card":"summary_large_image","twitter_misc":{"Szacowany czas czytania":"3 minuty"},"schema":{"@context":"https:\/\/schema.org","@graph":[{"@type":"WebPage","@id":"https:\/\/autystka.pl\/?page_id=1324","url":"https:\/\/autystka.pl\/?page_id=1324","name":"O mnie - autystka.pl","isPartOf":{"@id":"https:\/\/autystka.pl\/#website"},"datePublished":"2022-02-24T05:03:32+00:00","dateModified":"2022-10-26T19:04:49+00:00","description":"O mnie: jestem doktork\u0105 biotechnologii, pracuj\u0119 na jednej z wroc\u0142awskich uczelni, jako naukowczyni i nauczycielka akademicka.","breadcrumb":{"@id":"https:\/\/autystka.pl\/?page_id=1324#breadcrumb"},"inLanguage":"pl-PL","potentialAction":[{"@type":"ReadAction","target":["https:\/\/autystka.pl\/?page_id=1324"]}]},{"@type":"BreadcrumbList","@id":"https:\/\/autystka.pl\/?page_id=1324#breadcrumb","itemListElement":[{"@type":"ListItem","position":1,"name":"Home","item":"https:\/\/autystka.pl\/"},{"@type":"ListItem","position":2,"name":"O mnie"}]},{"@type":"WebSite","@id":"https:\/\/autystka.pl\/#website","url":"https:\/\/autystka.pl\/","name":"autystka.pl","description":"Autystka w szopnach \u017cycia - blog","publisher":{"@id":"https:\/\/autystka.pl\/#organization"},"potentialAction":[{"@type":"SearchAction","target":{"@type":"EntryPoint","urlTemplate":"https:\/\/autystka.pl\/?s={search_term_string}"},"query-input":"required name=search_term_string"}],"inLanguage":"pl-PL"},{"@type":"Organization","@id":"https:\/\/autystka.pl\/#organization","name":"autystka.pl","url":"https:\/\/autystka.pl\/","logo":{"@type":"ImageObject","inLanguage":"pl-PL","@id":"https:\/\/autystka.pl\/#\/schema\/logo\/image\/","url":"https:\/\/autystka.pl\/wp-content\/uploads\/2022\/10\/cropped-l4-kopia.png","contentUrl":"https:\/\/autystka.pl\/wp-content\/uploads\/2022\/10\/cropped-l4-kopia.png","width":1362,"height":1194,"caption":"autystka.pl"},"image":{"@id":"https:\/\/autystka.pl\/#\/schema\/logo\/image\/"}}]}},"uagb_featured_image_src":{"full":false,"thumbnail":false,"medium":false,"medium_large":false,"large":false,"1536x1536":false,"2048x2048":false},"uagb_author_info":{"display_name":"mariapres2101@gmail.com","author_link":"https:\/\/autystka.pl\/?author=1"},"uagb_comment_info":0,"uagb_excerpt":null,"_links":{"self":[{"href":"https:\/\/autystka.pl\/index.php?rest_route=\/wp\/v2\/pages\/1324"}],"collection":[{"href":"https:\/\/autystka.pl\/index.php?rest_route=\/wp\/v2\/pages"}],"about":[{"href":"https:\/\/autystka.pl\/index.php?rest_route=\/wp\/v2\/types\/page"}],"author":[{"embeddable":true,"href":"https:\/\/autystka.pl\/index.php?rest_route=\/wp\/v2\/users\/1"}],"replies":[{"embeddable":true,"href":"https:\/\/autystka.pl\/index.php?rest_route=%2Fwp%2Fv2%2Fcomments&post=1324"}],"version-history":[{"count":22,"href":"https:\/\/autystka.pl\/index.php?rest_route=\/wp\/v2\/pages\/1324\/revisions"}],"predecessor-version":[{"id":2109,"href":"https:\/\/autystka.pl\/index.php?rest_route=\/wp\/v2\/pages\/1324\/revisions\/2109"}],"wp:attachment":[{"href":"https:\/\/autystka.pl\/index.php?rest_route=%2Fwp%2Fv2%2Fmedia&parent=1324"}],"curies":[{"name":"wp","href":"https:\/\/api.w.org\/{rel}","templated":true}]}}